 is the units digit of 103*5*(-1)/f?
3
Suppose -8*i + 10 - 34 = 0. Let g(j) = 33*j**2 - 7*j - 6. Let k be g(i). Suppose 8*b = k + 96. What is the tens digit of b?
5
Suppose b - 3345 = -y, 10039 = 3*y + 70*b - 65*b. What is the units digit of y?
3
Let b be (-1)/8*2 - 1175/20. Let s = -57 - b. Suppose 0 = j - 2*f + 3*f - 16, s*j - 5*f = 67. What is the tens digit of j?
2
Suppose -2*o + z = -672, -3*o - 4*z = 2*o - 1693. Suppose 3*i - 907 = -o. What is the tens digit of i?
9
Suppose -3*b - 3*o + 13 = -2*o, -4 = -2*b + 4*o. Let c(q) = -q + 6. Let l be c(b). What is the tens digit of (1 - 2)*l - -24?
2
Suppose -5*m = -0*m - 265. Let u = -48 + m. Suppose 1651 = u*a + 396. What is the units digit of a?
1
Suppose -7*s = -s + 24. Let x be 0/(3 + (s - -3)). Suppose u + 3*i = 82, 0 = u + 2*i - x*i - 81. What is the units digit of u?
9
Let w = 53 - 75. Let o = w + 34. Suppose o*p = 8*p + 272. What is the units digit of p?
8
Let l = 13267 + -8882. What is the tens digit of l?
8
Let p(k) = k**3 + 20*k**2 - 14*k + 33. Let w be p(-20). Let i = w - 298. What is the units digit of i?
5
What is the units digit of (12/(-14))/(-2) - (-20032340)/7385?
3
Let x = -272 - -464. What is the hundreds digit of (x/5)/(0 + 4/30)?
2
Let l(f) = f**2 + 1. Let x(y) = -3*y**2 + 8. Let w(p) = 2*l(p) + x(p). Let j(z) = -z**2 + 19. Let m(q) = 3*j(q) - 5*w(q). What is the tens digit of m(-6)?
7
Let n(l) = 4*l**2 - 32*l - 251. What is the thousands digit of n(59)?
1
Let i(y) = -2*y**3 + 285*y**2 + 1462*y - 81. What is the tens digit of i(146)?
5
Let q(i) = i - 11. Let m be q(-2). What is the units digit of (m/(-39) - (-224)/(-6))*-13?
1
Suppose -10*u + 16*u + 78 = 0. What is the thousands digit of (u/((-104)/(-220)))/(3/(-132))?
1
Let o = 51714 + -30731. What is the tens digit of o?
8
Let n(a) = -2*a**3 + 6*a**2 + 2*a - 6. Let j be n(3). Suppose 15*i - 14*i = j. Suppose i = -3*v + 7 + 11. What is the units digit of v?
6
Let w(c) = c**3 - c**2 + 13. Let l = -62 + 62. What is the tens digit of w(l)?
1
Let b be 75/(-20)*12/(-9). Let y(l) = 13*l**2 - 8*l + 5. What is the tens digit of y(b)?
9
Let z be (3 + -1)*(2 - 6 - 19). Let c = -44 - z. Suppose -4*s = -c*n - 78, 16 - 126 = -5*s + 5*n. What is the units digit of s?
7
Suppose 2*v = -2*c + 83122, -94024 + 343414 = 6*v + 2*c. What is the units digit of v?
7
Let l(s) be the third derivative of 15*s**4/8 + 13*s**3/3 + 8*s**2 - 1. What is the tens digit of l(11)?
2
Suppose 11*d - 7*d = 16, 3*o - 2500 = -d. Let c = -23 - -41. What is the units digit of o/6 + (-12)/c?
8
Let a = -83 + 91. Suppose -5*u + 52 = a*u. What is the hundreds digit of (-3198)/(-15) + 3 + u/(-20)?
2
Let g be ((-12)/18)/((-1)/42). Let o be 1/((-2)/(-21))*(-8 + 6). What is the units digit of (333/(-6))/(o/g)?
4
What is the tens digit of 14937 - ((-3)/(-5) - (72/(-30) - 1))?
3
Let t = -1289 - -1859. Suppose -26*i + t = -21*i. Suppose -8*h + 5*h + i = 0. What is the units digit of h?
8
Suppose 56*g - 3478332 - 2282157 = -93*g. What is the tens digit of g?
6
Let b(h) = -h**2 - 30*h - 139. Let v be b(-6). Suppose 3*p = 0, -v*q + p + 2113 = -352. What is the units digit of q?
3
Let d(k) = -9*k - 91*k**2 - 76 + 47*k**2 + 45*k**2. What is the units digit of d(23)?
6
Let s(g) = -6*g - 15. Let f be s(0). Let x(h) = -42*h - 15. Let j be x(f). Suppose 16*c + j - 3543 = 0. What is the hundreds digit of c?
1
Suppose -2*v - 25 = 5*o + 129, -5*o - 82 = v. Let t = v + 74. Suppose -t*b + 2*n + 140 = 0, 3*b - 4*n - 132 = b. What is the units digit of b?
4
Suppose 5*c - 171060 = 4*l + l, 0 = -3*c + l + 102644. What is the thousands digit of c?
4
Let m be (-10 + 4)*(-13)/((-234)/(-86700)). Suppose 68*a - m = 43*a. What is the tens digit of a?
5
Suppose -2*b - 2*s = s + 267, 2*s - 10 = 0. Let g = 341 + b. What is the hundreds digit of g?
2
Suppose -9*v + 2881879 = 82*v. What is the tens digit of v?
6
Let m be (230/69)/(15/18). Suppose 0 = m*u + 5*b - 3287, 3*u - 5*b - 2464 = -9*b. What is the tens digit of u?
2
Let g(d) = 2*d**2 + 7*d - 38. Let i be g(-11). Suppose b - 229 - i = 0. What is the tens digit of b?
5
Let z(s) = -26*s + 85. Let r be z(9). Let p = r - -222. What is the tens digit of p?
7
Let o(t) = -t**2 + 6*t - 4. Let s be o(2). Suppose 1550 = s*u - 2*f, -3*f - 410 = -u + 2*f. Suppose v + u = 6*v. What is the units digit of v?
7
Suppose y - 5*m + 10 = 0, -5 + 1 = -4*y - 2*m. Let b be 4*1 + 0/1. Suppose b*s - 538 - 150 = 4*t, -5*s - 2*t + 874 = y. What is the tens digit of s?
7
Suppose 335571 = 48*m - 22039 - 235238. What is the ten thousands digit of m?
1
Let z(h) be the second derivative of h**4/12 + 2*h**3 - 8*h**2 - 28*h. Let l be z(-13). What is the tens digit of -14*(-1)/(l/(-30))?
4
Suppose 0 = 31*i - 35*i + 4*d + 680, 3*i + 5*d - 510 = 0. What is the units digit of i?
0
Suppose -56 = -3*o - 11*o. Suppose o*u = i + 677, 3*i - 9 + 0 = 0. What is the hundreds digit of u?
1
Suppose 27*v - 22*v = 15*v - 204700. What is the ten thousands digit of v?
2
Suppose 18*l - 13*l - 19 = 2*g, 0 = 3*g - 2*l + 12. What is the units digit of 22665/33 - 3/33*g?
7
Suppose 0 = -5*m + h, 0*m - 3*h = 2*m. Suppose m = -7*f + 890 + 664. Suppose 4*j = -2*d + 810, 0 = j - 4*d + 42 - f. What is the tens digit of j?
0
Let s = 168 + -162. Suppose -1071 = -s*a - 3*a. What is the units digit of a?
9
Let y be 174/(-4 - (-5)/(30/28)). Let g = y - 167. What is the units digit of g?
4
Suppose 17*o = 2028 + 3888. Let w = o + 104. What is the tens digit of w?
5
Suppose -3*m - 34 = -t, 6*t - 10*t = -2*m - 6. What is the units digit of (1*-46)/(2/m)?
9
Let d(u) = 5*u**2 - u + 1. Let q be d(1). Suppose 4*m = 0, -1912 = 2*o - 6*o + q*m. What is the hundreds digit of o?
4
What is the hundreds digit of (4916/8)/(-4 - 63/(-14))?
2
Let y(z) = 3422*z**2 + 100*z + 182. What is the units digit of y(-2)?
0
Let y(s) = 399*s**2 + 6*s - 9. What is the units digit of y(4)?
9
Let q = 8970 - -977. What is the thousands digit of q?
9
Let w be 1*(-4)/6*(-342)/4. Suppose -f + w = 6*l - 3*l, 4*l + 64 = 2*f. What is the units digit of f?
2
Suppose -11*j = -2*j - 61794. What is the units digit of j?
6
Let z = -62585 + 109116. What is the hundreds digit of z?
5
Let v = 4682 - 1502. What is the hundreds digit of v?
1
Suppose 0 = 2*d - 32 + 26. Suppose 0 = d*c - 206 - 1075. Let s = c - 175. What is the units digit of s?
2
Let z be (2 - (-10)/(-8))/(5/600). Let g = z + 145. What is the hundreds digit of g?
2
Let o be 78/36 - (-25)/30. What is the hundreds digit of (-1132)/(-8)*(6 - 12/o)?
2
Let x(m) = -m**2 - 26*m + 29. Let j(q) = -q - 24. Suppose -4*v + s = -2, v - 3*s = -2*s + 2. Let t be j(v). What is the units digit of x(t)?
7
Let j(a) = -7*a**2 - 10*a - 5*a**2 - 12*a**3 + 11*a**3 - 9. Let c be j(-11). What is the units digit of 10/c - 123/(-2)?
1
Let t = 961 + -1473. What is the units digit of 192/t + 9115/8?
9
Suppose -5*b - 5*k - 23 = 7, 0 = -3*k - 15. Let x be (0/b)/(-8 + 10). Suppose 5*y + g - 258 - 211 = x, -474 = -5*y + 4*g. What is the tens digit of y?
9
Let v = -3943 - 963. What is the hundreds digit of v/(-7) - 2/(-14)?
7
Suppose 5*d - 112876 = -3*y, 63*y - 68*y = 3*d - 67748. What is the thousands digit of d?
2
Let z(i) = 137*i**2 - 19*i - 24. What is the hundreds digit of z(5)?
3
Let l(i) = -6*i**2 + i - 3. Let g be l(3). Let a = 880 + -766. Let d = g + a. What is the units digit of d?
0
Suppose -5*o + 133 = -2*n - 251, -n = 2. Suppose 4*j - 76 + 24 = 0. Let r = o + j. What is the tens digit of r?
8
Let r = -594 + 21952. What is the units digit of r?
8
Let d = 47 + -43. Let w(t) = t + 35*t**2 - 9*t**2 + d*t + 5. What is the units digit of w(-2)?
9
Let g = -155 - -197. What is the tens digit of 25 + -7*(-12)/g?
2
Suppose 68107 = 5*b - 4*k, -8*b - 13631 = -9*b + 4*k. What is the thousands digit of b?
3
Let v = -2680 - -8489. What is the hundreds digit of v?
8
Suppose -3*r + 97 = 7. What is the tens digit of (1 + -2)*(r + -295)?
6
Let j(u) = -30*u - 48. Let i(l) = 2*l + 3. Let m(y) = 33*i(y) + 2*j(y). What is the units digit of m(24)?
7
Let s be 1795482/171 + (-10)/(-95). What is the tens digit of ((-36)/10)/(-5*18/s)?
2
Let b(i) = -6*i + 6 + 2*i - 13*i**2 + 12*i**2. Let d be b(-4). Suppose -d*l + 176 + 460 = 0. What is the units digit of l?
6
Let l(w) be the first derivative of 17*w**2 + 71*w + 90. What is the tens digit 